 the remainder when 41 is divided by 8?
1
Calculate the remainder when 2586 is divided by 35.
31
Calculate the remainder when 5919 is divided by 35.
4
What is the remainder when 1664 is divided by 119?
117
What is the remainder when 3708 is divided by 42?
12
Calculate the remainder when 622 is divided by 8.
6
What is the remainder when 358 is divided by 69?
13
Calculate the remainder when 5758 is divided by 12.
10
What is the remainder when 12639 is divided by 43?
40
Calculate the remainder when 921 is divided by 55.
41
What is the remainder when 373 is divided by 75?
73
Calculate the remainder when 275 is divided by 242.
33
Calculate the remainder when 124 is divided by 19.
10
Calculate the remainder when 3633 is divided by 202.
199
What is the remainder when 4795 is divided by 41?
39
What is the remainder when 78647 is divided by 12?
11
What is the remainder when 5266 is divided by 12?
10
What is the remainder when 835 is divided by 407?
21
Calculate the remainder when 429 is divided by 10.
9
Calculate the remainder when 1182 is divided by 17.
9
What is the remainder when 2259 is divided by 17?
15
What is the remainder when 382 is divided by 29?
5
Calculate the remainder when 126 is divided by 70.
56
Calculate the remainder when 364 is divided by 17.
7
Calculate the remainder when 419 is divided by 10.
9
What is the remainder when 208 is divided by 121?
87
Calculate the remainder when 89 is divided by 18.
17
What is the remainder when 7407 is divided by 195?
192
What is the remainder when 214 is divided by 5?
4
What is the remainder when 879 is divided by 88?
87
Calculate the remainder when 384 is divided by 55.
54
Calculate the remainder when 209 is divided by 14.
13
Calculate the remainder when 12524 is divided by 58.
54
What is the remainder when 1679 is divided by 16?
15
What is the remainder when 680 is divided by 172?
164
What is the remainder when 69 is divided by 8?
5
What is the remainder when 963 is divided by 105?
18
Calculate the remainder when 887 is divided by 51.
20
What is the remainder when 998 is divided by 27?
26
What is the remainder when 1762 is divided by 437?
14
What is the remainder when 512 is divided by 33?
17
What is the remainder when 3432 is divided by 30?
12
What is the remainder when 2923 is divided by 101?
95
Calculate the remainder when 33 is divided by 6.
3
What is the remainder when 34251 is divided by 33?
30
What is the remainder when 415 is divided by 22?
19
Calculate the remainder when 2184 is divided by 1091.
2
Calculate the remainder when 389 is divided by 19.
9
Calculate the remainder when 4764 is divided by 264.
12
Calculate the remainder when 394 is divided by 99.
97
Calculate the remainder when 376 is divided by 19.
15
Calculate the remainder when 179 is divided by 5.
4
Calculate the remainder when 4 is divided by 2.
0
What is the remainder when 559 is divided by 178?
25
Calculate the remainder when 1578 is divided by 17.
14
Calculate the remainder when 31 is divided by 10.
1
What is the remainder when 928 is divided by 104?
96
Calculate the remainder when 305 is divided by 14.
11
What is the remainder when 357 is divided by 72?
69
Calculate the remainder when 6240 is divided by 142.
134
Calculate the remainder when 297 is divided by 61.
53
Calculate the remainder when 5528 is divided by 158.
156
What is the remainder when 994 is divided by 992?
2
What is the remainder when 106 is divided by 17?
4
Calculate the remainder when 1052 is divided by 33.
29
Calculate the remainder when 868 is divided by 291.
286
Calculate the remainder when 21 is divided by 6.
3
Calculate the remainder when 51 is divided by 5.
1
Calculate the remainder when 799 is divided by 89.
87
What is the remainder when 5771 is divided by 39?
38
Calculate the remainder when 4 is divided by 4.
0
What is the remainder when 2561 is divided by 137?
95
Calculate the remainder when 118 is divided by 44.
30
Calculate the remainder when 1393 is divided by 183.
112
Calculate the remainder when 2319 is divided by 29.
28
What is the remainder when 4899 is divided by 114?
111
What is the remainder when 34 is divided by 6?
4
What is the remainder when 1076 is divided by 271?
263
Calculate the remainder when 464 is divided by 121.
101
What is the remainder when 1681 is divided by 189?
169
Calculate the remainder when 43 is divided by 33.
10
What is the remainder when 157 is divided by 75?
7
Calculate the remainder when 240 is divided by 65.
45
What is the remainder when 318 is divided by 49?
24
What is the remainder when 46 is divided by 6?
4
Calculate the remainder when 213 is divided by 29.
10
Calculate the remainder when 8963 is divided by 4476.
11
Calculate the remainder when 361 is divided by 121.
119
Calculate the remainder when 4913 is divided by 27.
26
Calculate the remainder when 98 is divided by 6.
2
Calculate the remainder when 82 is divided by 30.
22
Calculate the remainder when 498 is divided by 3.
0
What is the remainder when 146 is divided by 35?
6
Calculate the remainder when 345 is divided by 99.
48
Calculate the remainder when 26 is divided by 7.
5
What is the remainder when 623 is divided by 189?
56
What is the remainder when 47 is divided by 19?
9
Calculate the remainder when 257 is divided by 145.
112
Calculate the remainder when 531 is divided by 15.
6
What is the remainder when 156 is divided by 48?
12
What is the remainder when 3913 is divided by 140?
133
What is the remainder when 2099 is divided by 130?
19
What is the remainder when 51798 is divided by 259?
257
What is the remainder when 973 is divided by 13?
11
What is the remainder when 1691 is divided by 156?
131
Calculate the remainder when 243 is divided by 21.
12
Calculate the remainder when 142 is divided by 11.
10
What is the remainder when 1007 is divided by 14?
13
What is the remainder when 188 is divided by 25?
13
Calculate the remainder when 486 is divided by 160.
6
Calculate the remainder when 343 is divided by 80.
23
What is the remainder when 567 is divided by 192?
183
Calculate the remainder when 425 is divided by 156.
113
What is the remainder when 1723 is divided by 69?
67
Calculate the remainder when 16244 is divided by 77.
74
Calculate the remainder when 6695 is divided by 248.
247
Calculate the remainder when 250 is divided by 63.
61
Calculate the remainder when 158 is divided by 81.
77
What is the remainder when 473 is divided by 119?
116
What is the remainder when 198 is divided by 105?
93
Calculate the remainder when 511 is divided by 124.
15
What is the remainder when 518 is divided by 130?
128
What is the remainder when 445 is divided by 95?
65
What is the remainder when 2455 is divided by 39?
37
What is the remainder when 218 is divided by 105?
8
What is the remainder when 42 is divided by 11?
9
Calculate the remainder when 732 is divided by 15.
12
What is the remainder when 458 is divided by 27?
26
What is the remainder when 315 is divided by 77?
7
Calculate the remainder when 12667 is divided by 10.
7
Calculate the remainder when 4349 is divided by 21.
2
What is the remainder when 980 is divided by 34?
28
What is the remainder when 431 is divided by 219?
212
What is the remainder when 941 is divided by 457?
27
What is the remainder when 758 is divided by 76?
74
What is the remainder when 1724 is divided by 570?
14
Calculate the remainder when 96 is divided by 20.
16
Calculate the remainder when 139 is divided by 4.
3
Calculate the remainder when 6721 is divided by 41.
38
Calculate the remainder when 9401 is divided by 45.
41
What is the remainder when 290 is divided by 131?
28
Calculate the remainder when 496 is divided by 276.
220
Calculate the remainder when 73 is divided by 31.
11
What is the remainder when 549 is divided by 37?
31
Calculate the remainder when 89 is divided by 25.
14
What is the remainder when 170 is divided by 67?
36
Calculate the remainder when 151 is divided by 42.
25
What is the remainder when 4955 is divided by 7?
6
What is the remainder when 3715 is divided by 4?
3
What is the remainder when 32774 is divided by 69?
68
Calculate the remainder when 241 is divided by 21.
10
Calculate the remainder when 147 is divided by 2.
1
Calculate the remainder when 4692 is divided by 13.
12
What is the remainder when 1761 is d